 - 800. What is l(-1)?
-18
Let a(x) = 4*x**2 - 25*x - 430. Give a(-8).
26
Let n(u) = -211*u**2 - u - 1. Calculate n(1).
-213
Let b(s) = -120*s + 39. Give b(0).
39
Let j(k) = -k**3 - 84*k**2 + 177*k - 18. Determine j(2).
-8
Let m(a) = a**3 - 24*a**2 - 35*a + 138. Give m(25).
-112
Let o(m) = 3*m**2 + 176*m + 519. Determine o(-3).
18
Let h(k) = -1804*k - 6. Calculate h(0).
-6
Let w(p) = 2*p**3 - 20*p**2 + 7*p + 24. Give w(9).
-75
Let k(t) = -7*t**3 - 8*t**2 - 8*t - 9. What is k(-2)?
31
Let i(c) = c**3 + 14*c**2 - 18*c + 2. Determine i(-14).
254
Let n(a) = -a**2 + 72*a + 1279. Calculate n(88).
-129
Let q(u) = -u**3 - 36*u**2 + 77*u + 29. Calculate q(-38).
-9
Let u(k) = k**2 - 118*k - 4264. Give u(147).
-1
Let i(z) = 1143*z + 18287. Calculate i(-16).
-1
Let j(u) = 56*u - 244. What is j(11)?
372
Let j(p) = -p**2 + 53*p - 68. Give j(51).
34
Let c(p) = -7*p**2 - 103*p - 45. Calculate c(-13).
111
Let i(z) = 626*z - 150862. Give i(241).
4
Let g(r) = -4*r**2 - 127*r - 278. Determine g(-30).
-68
Let u(c) = -23*c**2 + 27*c + 31. Give u(5).
-409
Let a(d) = -5*d - 278. Determine a(-47).
-43
Let o(r) = -54*r - 235. Calculate o(-11).
359
Let f(h) = -138*h - 13808. What is f(-100)?
-8
Let c(q) = 78*q - 1634. What is c(21)?
4
Let y(p) = p**2 - 459*p + 3627. Determine y(8).
19
Let z(c) = 6*c**2 + 64*c - 29. Determine z(-10).
-69
Let n(a) = 1106*a - 19904. What is n(18)?
4
Let a(y) = y**2 - 46*y - 2878. Give a(81).
-43
Let a(k) = -2*k**3 - 16*k**2 - 9*k + 17. What is a(-7)?
-18
Let p(r) = -r**3 - 11*r**2 - 111*r - 1630. Give p(-13).
151
Let k(c) = -12*c**2 - 921*c - 3. What is k(0)?
-3
Let m(z) = -66*z + 82. Calculate m(4).
-182
Let j(t) = t**2 + 68*t - 218. Determine j(-71).
-5
Let l(d) = -2*d**2 - 199*d + 2534. What is l(-111)?
-19
Let d(m) = -2*m**3 - 122*m**2 - 7*m - 61. Determine d(-61).
366
Let v(t) = t**3 - 28*t**2 + 75*t + 17. Calculate v(25).
17
Let v(l) = -1015*l + 53. Give v(1).
-962
Let k(r) = r**2 + 28*r - 4130. Determine k(52).
30
Let t(w) = -4*w**2 - 2*w + 92. Determine t(-7).
-90
Let h(g) = -g**2 + 21*g + 31. Determine h(22).
9
Let k(w) = 3*w**2 + 73*w + 22. Calculate k(-24).
-2
Let n(p) = -177*p + 2299. Give n(13).
-2
Let n(h) = -h**3 - 14*h**2 + 90*h + 677. What is n(-17)?
14
Let t(g) = -160*g - 798. Give t(-5).
2
Let j(s) = -269*s + 14256. What is j(53)?
-1
Let u(i) = -3*i**3 + 58*i**2 - 117*i - 69. Calculate u(17).
-35
Let v(d) = 119*d**3 + 2*d**2 - 17*d + 17. Calculate v(1).
121
Let f(v) = -v**3 - 20*v**2 + 447*v + 8947. Calculate f(-20).
7
Let k(y) = -9*y + 226. What is k(15)?
91
Let s(q) = -957*q - 3837. Determine s(-4).
-9
Let m(c) = -13*c**2 + 3*c. What is m(-1)?
-16
Let c(y) = -174*y - 1051. Give c(-6).
-7
Let i(j) = -3*j**2 - 254*j - 4546. What is i(-26)?
30
Let i(l) = -l - 129. Calculate i(59).
-188
Let p(y) = -207*y + 856. What is p(4)?
28
Let x(p) = p**2 - 8*p - 198. Calculate x(33).
627
Let c(d) = -d**3 + 9*d**2 - 8*d + 67. What is c(9)?
-5
Let t(s) = 144*s - 3189. What is t(22)?
-21
Let h(i) = 34*i - 546. What is h(15)?
-36
Let o(n) = 1054*n + 142281. What is o(-135)?
-9
Let u(h) = -13*h + 530. Determine u(40).
10
Let u(w) = -w**2 - 3445*w - 44. Determine u(0).
-44
Let q(i) = -17*i**2 + 4*i. What is q(-2)?
-76
Let k(j) = -1367*j - 19129. Calculate k(-14).
9
Let d(o) = -o**2 - 45*o + 199. What is d(4)?
3
Let p(w) = -2*w**2 - 26*w + 82. Determine p(-15).
22
Let k(f) = 8*f - 95. Give k(-38).
-399
Let j(k) = -20*k + 310. Give j(12).
70
Let c(j) = 5*j + 35. Calculate c(-14).
-35
Let c(s) = 10*s - 840. What is c(27)?
-570
Let a(g) = -104*g - 30. What is a(-4)?
386
Let x(u) = -u**3 + 76*u**2 - 224*u + 315. Give x(73).
-50
Let f(d) = -456*d + 11338. Give f(25).
-62
Let f(a) = 16*a**3 - 21*a**2 + 23*a - 38. Give f(2).
52
Let s(p) = p**2 + 66*p - 939. Determine s(-77).
-92
Let a(i) = -2*i**2 + 111*i - 790. Determine a(47).
9
Let h(q) = -q**2 + 7*q - 4. Determine h(19).
-232
Let v(g) = -97*g - 679. Determine v(-7).
0
Let f(n) = n**3 - 23*n**2 + 10*n - 29. Calculate f(23).
201
Let d(v) = -2*v**3 - 20*v**2 - 6*v + 34. Give d(-10).
94
Let s(c) = -41*c + 981. Determine s(24).
-3
Let f(x) = 83*x**3 - 5*x**2 - 6*x - 2. Give f(-1).
-84
Let t(u) = u**2 - 12*u - 97. Calculate t(-5).
-12
Let v(w) = -63*w**2 - 189*w + 191. What is v(1)?
-61
Let l(o) = -43*o + 74. What is l(9)?
-313
Let y(p) = -p**2 + 39*p + 6122. Determine y(99).
182
Let t(y) = -59*y - 242. Give t(-4).
-6
Let q(v) = 2*v**2 + 120*v + 1055. Give q(-50).
55
Let r(l) = 6153*l + 98460. Calculate r(-16).
12
Let a(t) = -4*t**3 - 4*t**2 - 2*t + 4. Determine a(-3).
82
Let q(k) = -k**2 + 69*k + 787. Calculate q(84).
-473
Let g(u) = 25*u**2 + 8130*u + 1622. What is g(-325)?
-3
Let o(w) = 2*w**3 + 20*w**2 + 52*w + 9. Calculate o(-7).
-61
Let w(z) = -737*z**2 + 15*z - 25. Calculate w(1).
-747
Let v(t) = 15*t**2 - 407*t + 57. Calculate v(27).
3
Let t(q) = 521*q - 1648. What is t(3)?
-85
Let q(x) = 6*x**2 + 312*x + 592. Give q(-50).
-8
Let s(a) = -4*a**3 - 3*a**2 + 4*a + 90. Calculate s(0).
90
Let l(f) = -77*f - 13097. Give l(-169).
-84
Let k(r) = -123*r - 19. Calculate k(1).
-142
Let w(n) = -3*n**2 - 112*n - 306. Give w(-3).
3
Let x(h) = -81*h - 1226. Calculate x(-15).
-11
Let w(k) = 357*k + 3927. What is w(-11)?
0
Let a(i) = -14*i**2 - 253*i + 43. Calculate a(-19).
-204
Let l(g) = -2*g**3 + 16*g**2 + 50*g - 97. What is l(10)?
3
Let i(s) = -37*s**3 - s**2 + 15*s - 14. Give i(1).
-37
Let c(d) = 4*d + 157. Calculate c(-39).
1
Let c(r) = 4*r**2 - 20*r - 17. Calculate c(9).
127
Let i(k) = -k**3 + 63*k**2 + 170*k - 14371. Give i(62).
13
Let x(r) = -r**3 - 2*r**2 + 7*r + 3. Calculate x(0).
3
Let s(x) = 39*x**3 - 5*x**2 - 4*x + 19. What is s(2)?
303
Let m(n) = n**3 - 13*n**2 + 15*n - 35. What is m(12)?
1
Let d(b) = b**3 + 11*b**2 + 22*b - 18. Determine d(-11).
-260
Let d(w) = w**2 - 56*w + 414. Calculate d(38).
-270
Let w(n) = 768*n + 1297. Give w(-2).
-239
Let x(i) = 3*i + 158. What is x(66)?
356
Let g(o) = -o**3 - 59*o**2 + 389*o - 20. What is g(-65)?
45
Let f(q) = 4*q**3 + 2*q**2 - 2*q - 8. Determine f(-3).
-92
Let l(n) = -125*n + 13871. Determine l(111).
-4
Let t(f) = -3*f**2 - 29*f - 60. What is t(-6)?
6
Let v(n) = -n**2 - 145*n - 1272. What is v(-9)?
-48
Let x(z) = 24*z - 1437. Calculate x(61).
27
Let d(f) = -25*f**3 + 3*f**2 - 5*f + 4. What is d(1)?
-23
Let u(k) = 2302*k + 32233. What is u(-14)?
5
Let r(j) = 74*j - 325. Determine r(6).
119
Let b(j) = 2067*j - 8251. Calculate b(4).
17
Let d(g) = g**2 - 21*g - 17. Calculate d(21).
-17
Let m(y) = 8*y**2 + 92*y + 45. Give m(-11).
1
Let y(t) = -45*t - 795. What is y(-18)?
15
Let v(i) = -i**2 + 3*i + 8. Calculate v(5).
-2
Let n(k) = 3*k**2 + 180*k - 954. Give n(5).
21
Let v(p) = -p**2 - 79*p + 859. Determine v(10).
-31
Let d(f) = -26*f + 103. Give d(7).
-79
Let h(u) = -u**2 + 8*u - 33. Calculate h(10).
-53
Let o(f) = -7*f**3 - 5*f**2 - 13*f + 3. Calculate o(-2).
65
Let n(r) = 47*r + 1073. What is n(-23)?
-8
Let d(g) = 9*g**3 + 2*g**2 + 55*g - 163. What is d(3)?
263
Let l(v) = -v**3 + 21*v**2 + 147*v + 51. Calculate l(-5).
-34
Let u(c) = 4*c**3 + 2*c**2 - 8*c - 3. Determine u(3).
99
Let k(g) = -g**2 + 58*g + 3290. What is k(94)?
-94
Let y(b) = 783*b + 10949. Determine y(-14).
-13
Let u(x) = x**3 - 99*x**2 + 2065*x + 355. Determine u(69).
10
Let y(l) = -l**3 - 10*l**2 - 78*l - 53. Give y(-11).
926
Let x(r) = 446*r - 388. Determine x(1).
58
Let z(p) = 4*p**3 - 6*p**2 + 14*p - 44. What is z(3)?
52
Let s(y) = -468*y - 5059. What is s(-11)?
89
Let c(v) = 2*v**3 + 12*v**2 + 2*v + 45. Give c(-7).
-67
Let l(t) = -t**3 - 8*t**2 + 37*t + 36. Give l(-11).
-8
Let u(r) = 2*r**3 - 10*r**2 - 12*r + 16. Give u(7).
128
Let k(d) = -2*d**2 - 45*d - 66. Determine k(-21).
-3
Let t(q) = 3*q**2 + 78*q + 103. Give t(-25).
28
Let h(n) = 26*n**2 + 249*n - 27. Calculate h(-10).
83
Let x(n) = -1875*n - 5623. Determine x(-3).
2
Let s(c) = 12767*c - 63831. Give s(5).
4
Let g(n) = -4*n**3 - 15*n**2 + 31*n - 4. Calculate g(-5).
-34
Let j(m) = 14*m**3 - m**2 - 7*m + 8. Calculate j(1).
14
Let m(s) = s**2 + 178*s + 7483. Determine m(-110).
3
Let j(w) = 2*w**2 - 136*w + 2286. Determine j(38).
6
Let n(f) = -f**3 - 36*f**2 + 92*f - 120. Give n(-39).
855
Let w(s) = 2*s**2 - 181*s + 1947. What is w(13)?
-68
Let u(s) = -130*s + 1827. Calculate u(14).
7
Let p(u) = -13*u**3 - 2*u**2 + u + 2. Det